 46)*((-1135)/(-3) - 1)?
2, 283
Let k(q) = -106*q + 4. What are the prime factors of k(-7)?
2, 373
Let f(c) be the first derivative of -20*c + 5/2*c**2 + 4. List the prime factors of f(8).
2, 5
List the prime factors of (1 - 2) + 14*(17 - 13).
5, 11
What are the prime factors of 3/9*573*1?
191
Let c = -11 + 5. What are the prime factors of -16*(-45)/c*-1?
2, 3, 5
Let q = 129 - 4. List the prime factors of q.
5
Let d = 263 - 87. Suppose -6*j + 2*j - d = 0. Let q = j + 64. What are the prime factors of q?
2, 5
Suppose -h + 8*m + 19 = 11*m, 2*m = 10. List the prime factors of h.
2
Let u = -369 - -1690. What are the prime factors of u?
1321
Let t = 56 - -19. Let b = 51 + -73. Let y = b + t. What are the prime factors of y?
53
Suppose 5*n = -2*r + 1084, -7*r = -2*r + 2*n - 2731. What are the prime factors of r?
547
Suppose 4*r - 2480 = 652. List the prime factors of r.
3, 29
Let o(p) = 15*p**2 - 3*p + 2. Suppose 0 = -2*m + 5*m - 6. What are the prime factors of o(m)?
2, 7
Let y = -89 + 152. Let c = y - -100. What are the prime factors of c?
163
Suppose v = -2*v + 15, 0 = -2*u + 3*v + 1463. What are the prime factors of u?
739
Suppose -6*d + 4*d = -208. Suppose 3*b + d = -58. Let a = -10 - b. List the prime factors of a.
2, 11
Let l be 3*(-4 + 11/3). Let z(u) = -53*u - 3. List the prime factors of z(l).
2, 5
Suppose 5*v - 12 = y, -8*v - y = -4*v - 6. Suppose -5*n + 15 = 0, 3*f = 2*f + v*n + 50. Suppose 2*k = 32 + f. What are the prime factors of k?
2, 11
Let z = 76 + -15. Suppose 2*k + 3*q = 378, 3*k + 5*q + z = 626. List the prime factors of k.
3, 5, 13
Suppose -31 + 36 = -5*h. List the prime factors of 25*2 + h + 7 + -4.
2, 13
Suppose -4*n - 2156 = -5*b, -4*n + 433 = b - 3*n. What are the prime factors of b?
2, 3
Suppose 16*y = 25*y - 1656. What are the prime factors of y?
2, 23
Suppose 0*m - 32 = -4*h - 5*m, 3*m = -5*h + 27. Suppose z = h*z + 16. What are the prime factors of (-38)/(-9) - z/(-36)?
2
Suppose 4 = -7*r - 17. What are the prime factors of 180/14*(-14)/r?
2, 3, 5
Let i = -21 + 35. Let g(l) = l**3 - 14*l**2 + 4*l + 8. List the prime factors of g(i).
2
What are the prime factors of 7 - (-125*8 - -2)?
3, 5, 67
Suppose -3*k = 5*r - 8267, 14*k + r - 5502 = 12*k. What are the prime factors of k?
2749
Let c(k) = k**3 - 6*k**2 - 17*k + 10. Let r be c(8). Suppose -3*p = -3*g - 159, 3*p + 0*p - 134 = -r*g. List the prime factors of p.
2, 3
Let b(y) = 9*y**2 + 2*y + 6. Let g be b(-4). Suppose -4*h + 145 = 4*u - 131, -2*u + g = 3*h. List the prime factors of u.
5, 13
What are the prime factors of ((-96)/(-28))/(12/1554)?
2, 3, 37
What are the prime factors of 191 + (4*-1 - 7/(-1))?
2, 97
Let r be 12/18 - (-13)/3. Suppose 14 - 4 = -r*x, 730 = 4*s + x. List the prime factors of s.
3, 61
Suppose 15 = 5*g - 4*z - 14, 3*g = -2*z + 35. Suppose g - 3 = 2*f. What are the prime factors of f?
3
Suppose -d + 4011 = -5*q, -3*d - 2974 = 3*q - 15025. List the prime factors of d.
2, 251
Suppose -76 = 4*g - 3*s, 50 = -5*g - s - 45. Let u = 20 + g. List the prime factors of (2 - 1) + u + 36.
2, 19
Let v(h) = -h**2 - 2*h + 460. Let u be v(0). Suppose -3*c - 5*k = -26 - 308, 4*c - u = -3*k. List the prime factors of c.
2, 59
Suppose -5*i + 949 - 152 = -4*u, i - 2*u - 163 = 0. Suppose -2*b - 31 = -i. List the prime factors of b.
3, 7
Let l = 68 - -86. Suppose -l = -5*j + 236. List the prime factors of j.
2, 3, 13
Let k = -9 + 2. Let a be (-1)/((1 + 0)/k). What are the prime factors of (-60)/(-35)*a/2?
2, 3
Let w(b) = b**3 - 12*b**2 - 13*b + 2. Let u be w(13). Suppose -g + u = g. What are the prime factors of (-267)/(-12) - g/4?
2, 11
Let y be -2 + (-2)/(-6)*-3. List the prime factors of (6825/(-20))/y + (-1)/(-4).
2, 3, 19
Suppose -1297 = -o - 4*f, -135*o + 136*o - 1321 = 4*f. What are the prime factors of o?
7, 11, 17
Suppose 16*f = -9*f + 3600. Let l = 13 - 4. Suppose 13*v - f = l*v. List the prime factors of v.
2, 3
Suppose 0 = -4*s + 9*s - 25. Suppose -s*t + 379 = -4*o, -3*o + 94 + 76 = 2*t. What are the prime factors of t?
79
Let p = 57 - 55. Suppose 9 = i + p*i. What are the prime factors of i?
3
Let m = 822 - 426. List the prime factors of m.
2, 3, 11
Let s(j) = j**2 - j + 1. Let v(i) = -3*i**2 + 3*i + 4. Let o(d) = -2*s(d) - v(d). Let p be o(0). Let c = p - -11. List the prime factors of c.
5
Let j(o) = 3*o + 16. Let a be j(-4). What are the prime factors of -4*(-3 - -35*(-2)/a)?
2, 41
Suppose -3*l + 0*l = -2*d - 1385, 2 = -2*d. List the prime factors of l.
461
Let s = -559 + 834. What are the prime factors of s?
5, 11
Let y = -719 - -1877. What are the prime factors of y?
2, 3, 193
Let m(z) = 34*z - 117. What are the prime factors of m(17)?
461
Let v = -474 - -822. List the prime factors of v.
2, 3, 29
Let j be -298*(12/8)/3. Let h = -106 - j. What are the prime factors of h?
43
Let i = -1936 + 3352. What are the prime factors of i?
2, 3, 59
Let o = 73 - -62. What are the prime factors of o?
3, 5
Suppose -115 = -3*h + 647. List the prime factors of h.
2, 127
Suppose -d - 3*i + 1731 = 0, 0 = -4*d - 5*i + 2*i + 6951. List the prime factors of d.
2, 3, 5, 29
Let s be (0/(5/(-1)))/1. Suppose j - 9 - 44 = s. What are the prime factors of j?
53
Suppose c = 3*z + 2*z - 731, 2*c = 8. Let w = z + -93. What are the prime factors of w?
2, 3
What are the prime factors of (-1368)/(-399)*(1113 + 0)?
2, 3, 53
Let p(s) = -6*s**3. Let f be p(-1). Let q(t) = -13*t + 173. Let o be q(9). Suppose -4*a + w + 84 = 0, -2*a + o = 2*w - f*w. List the prime factors of a.
2, 5
Suppose g = 5*q - 1 + 13, -4*q + 3 = -5*g. What are the prime factors of (2/6)/(q/(-144))?
2
Suppose 0 = -2*t + 4*t - 4. What are the prime factors of (14 + -13)/(t/64)?
2
Suppose 0 = 4*d - 17*d + 29978. What are the prime factors of d?
2, 1153
Let u = 246 + -214. What are the prime factors of u?
2
Suppose 2*n - 35 - 19 = 0. Let i = n + -20. What are the prime factors of i?
7
Let r(b) = 8*b**3 + 4*b**2 - 10*b + 14. What are the prime factors of r(3)?
2, 59
Let b = 4271 - 2533. What are the prime factors of b?
2, 11, 79
Suppose 3*r = -4*a - 1 + 35, -3 = -3*a. Suppose -2*h = -4*h - r. Let q(w) = -4*w + 2. List the prime factors of q(h).
2, 11
List the prime factors of ((-189)/84)/(2690/2696 + -1).
3, 337
Let n be (10/6 + -3)*-9. Let q(x) = -x**2 + 13*x + 10. Let r be q(n). Let y = 8 + r. What are the prime factors of y?
2, 3, 5
Suppose 4*q - 9 = -y + 9, -10 = -5*q + 5*y. Suppose -17 + 3 = -2*z. Suppose z*j = q*j + 150. What are the prime factors of j?
2, 5
Let v(b) = 9*b**2 - 11*b. Let q be v(5). Suppose 41*h - q = 40*h. List the prime factors of h.
2, 5, 17
Let l = -17 - -22. Suppose -2*c + l*q + 23 = -c, -2*c + 4*q + 58 = 0. List the prime factors of c.
3, 11
Suppose 0 = -d + 6*d - 3*g + 25, 2*d + 5*g = 21. List the prime factors of d/(-5) - (-553)/5.
3, 37
Suppose -3240 = -3*w + 3*f, -1064 + 5381 = 4*w - f. What are the prime factors of w?
13, 83
Let z = -7 - -3. Let f = -52 + 88. Let k = f - z. What are the prime factors of k?
2, 5
Let v(h) = 2*h - 1. Let m be v(8). Suppose 6*k + 3 - m = 0. Suppose -k*r + 111 - 15 = 0. What are the prime factors of r?
2, 3
Suppose -2*n - 2*z + 10 = n, 5 = z. Suppose -169 = -v + 2*y + 3*y, n = -4*y. List the prime factors of v.
13
List the prime factors of (-16)/(-56) + 24818/14.
3, 197
Let s = 6398 - 3884. What are the prime factors of s?
2, 3, 419
Suppose -61*m - 13455 = -70*m. List the prime factors of m.
5, 13, 23
Let c = 5 + -3. Let h(f) = -f - 2*f**3 + 2*f + c - 6*f**2 - 2*f. What are the prime factors of h(-4)?
2, 19
Suppose 0 = -5*t - 0*l + 2*l + 28, 0 = -t - 3*l - 8. Suppose -t*g + 380 = g. List the prime factors of g.
2, 19
Let x(h) = 4*h**2 - 19*h + 29. List the prime factors of x(17).
2, 431
Suppose 485*j = 483*j + 218. What are the prime factors of j?
109
Let i = -121 - -348. List the prime factors of i.
227
Let j(k) = 5*k - 3. Let n(h) = 13*h - 5. Let s(u) = -5*j(u) + 2*n(u). Let o = -20 - -30. List the prime factors of s(o).
3, 5
Let d be ((-3)/3)/(2/(-8)). Suppose -2*h = -d*h + 50. List the prime factors of h.
5
Let g be 2/4*(224 - -4 - 0). Let n = g + -15. What are the prime factors of n?
3, 11
Let r = -100 + 168. Suppose -k + 2*i + i = -r, -4*i + 152 = 3*k. What are the prime factors of k?
2, 7
Suppose -2174*a = -2183*a + 4239. List the prime factors of a